e s(1). Calculate the highest common divisor of 15 and b.
15
Suppose -14 = -4*t + 2578. Let s be (2/6)/(8/t). What is the greatest common divisor of 54 and s?
27
Let b be 3*(4303/26 - (-2)/(-4)). What is the greatest common divisor of b and 45?
45
Let j = 130 + -80. Let u(v) = v**2 + 5*v + 4. Let n be u(-4). Suppose 5*h - 25 = -n. What is the greatest common factor of h and j?
5
Suppose 5*y - j = 523, -j - 303 = -3*y - 4*j. What is the greatest common factor of 26 and y?
26
Let x(c) = c**3 - 4*c**2 + 11*c + 4. Let d be x(5). What is the highest common divisor of 12 and d?
12
Let k be (-52)/8*(-12)/3. What is the greatest common factor of 26 and k?
26
Suppose 0*q + 3*q = -4*d + 31, -5*q + 4*d + 9 = 0. What is the greatest common divisor of 5 and q?
5
Let v = 13 + -9. Suppose h - v - 11 = 0. What is the greatest common divisor of h and 6?
3
Suppose -5*c = -0*c + 15, 0 = -o + c - 43. Let x be (o/2)/((-2)/14). Calculate the greatest common factor of x and 23.
23
Let l(f) be the first derivative of -5*f**2 - 2*f + 1. Let g be l(-4). Let d = -22 + g. Calculate the highest common divisor of 144 and d.
16
Suppose -19 + 53 = 2*o. What is the greatest common divisor of 51 and o?
17
Let y be (20/(-8) - -2)*0. Suppose 3*a = -y*a + 78. Calculate the greatest common factor of 39 and a.
13
Suppose 4*h + 2*k = k + 36, 20 = 5*k. Calculate the highest common factor of 48 and h.
8
Let c be 14 - 1*-1*1. Let r = 23 - 18. Calculate the highest common divisor of r and c.
5
Let u be (-2)/(((-1)/(-6))/(-1)). What is the highest common factor of u and 84?
12
Suppose 4*t - 3 = 4*c + 9, 0 = 2*t - 3*c - 5. Let n = 9 + 2. Let j = n - -5. What is the greatest common factor of t and j?
4
Suppose -5*r + 11 = 1. Suppose 6*f - r*f - 64 = 0. What is the highest common divisor of 112 and f?
16
Let k = 1 - -9. Calculate the greatest common factor of 70 and k.
10
Let h be (60/(-3 - -1))/(-2). What is the greatest common factor of 165 and h?
15
Let f be -23 + 9/12*4. Let j = -13 - f. What is the greatest common divisor of 63 and j?
7
Suppose 16 = -2*u + 6. Let y = u - -11. Calculate the greatest common divisor of 2 and y.
2
Let l be 2/3 + (-20)/(-15)*10. Let p be (-1179)/(-12) - (-2)/(-8). Calculate the greatest common divisor of l and p.
14
Suppose -3*q = -5*q + 12. Let r(k) = -k**3 + 2*k**2 + 9*k - 5. Let c be r(q). Let g = -25 - c. Calculate the greatest common factor of g and 7.
7
Let s = -29 - -20. Let q be s/(-4)*16/6. What is the highest common divisor of 3 and q?
3
Let o be (9/12)/((-2)/(-8)). Suppose 4*m - o*c - 24 = -5*c, 3*m - 3*c - 9 = 0. Calculate the greatest common divisor of m and 55.
5
Suppose s + 8 = 3*s. Let a be (-1)/2 - 63/(-6). Let u be 56/a + (-6)/(-15). What is the highest common factor of u and s?
2
Let m(j) be the first derivative of 2*j**3/3 - 2*j + 1. Let d be m(2). Suppose -3*c + 89 = -73. What is the greatest common factor of c and d?
6
Let b = 7 - 4. Suppose -3 = u + 2*u, 0 = d + b*u + 16. Let z = 28 + d. Calculate the greatest common factor of 120 and z.
15
Let m(t) = t**3 + t**2 + t + 1. Let k be m(6). What is the highest common divisor of k and 37?
37
Let u(g) = -5 + 1 + 3*g + 1 + 0. Let p be u(3). Calculate the greatest common factor of 2 and p.
2
Let t = 59 + 29. Suppose g + 4*g - 25 = 0. Let j be (8/g)/(1/5). What is the highest common factor of j and t?
8
Let k(d) = d**3 + 3*d**2. Let b be k(-2). Let o = 1 + -1. Suppose 4*y - 3*w = 17, o*y = b*y + 5*w + 7. Calculate the greatest common factor of 8 and y.
2
Suppose -12 = g - 3*g. Let l be (-148)/(-6) + g/(-9). Let h(w) = -w**2 + 5*w. Let v be h(3). Calculate the greatest common divisor of v and l.
6
Let u be (16/(-10) + -2)*-55. Suppose 0 = -13*i + 10*i + 54. What is the greatest common divisor of u and i?
18
Suppose -53 = -2*v + 51. Suppose t - v - 80 = 0. Let w be 13 + (-2 - (2 + -3)). What is the highest common divisor of w and t?
12
Let l(x) = x + 14. Suppose 2*m = j - 21, 0 = -j + 4 - 3. Let c be l(m). Suppose -c*s + 16 = -2*s. What is the greatest common factor of 32 and s?
8
Let k(v) = 2*v + 3. Let u be k(-4). Let d = 2 + u. Let m be ((3*6)/d)/(-2). What is the highest common divisor of m and 21?
3
Suppose 4*a + 6*z - 2*z - 24 = 0, -a + 3*z = -18. What is the greatest common factor of 63 and a?
9
Suppose -10 = -0*a - 2*a. Let q(w) = 5 + w**2 + 4*w - 3 - 2*w + 3. Let z be q(-5). Calculate the highest common factor of a and z.
5
Suppose 0*s = -5*s + 65. Suppose 3*u - s = 3*d - 1, 0 = -4*u + d + 22. Let c = 67 + -31. Calculate the greatest common divisor of c and u.
6
Let m = 22 + -16. Calculate the highest common factor of 4 and m.
2
Let f = 15 + -11. Suppose -2*v + 3*n + 45 = 0, -2*n + 26 = f*v - 24. Suppose -4*l - l = -75. Calculate the greatest common divisor of v and l.
15
Let h = -21 - -31. Suppose -4*p = -6*p + h. Suppose -2*n - 55 = -3*a - 358, -p*a = n - 119. Calculate the highest common factor of n and 16.
16
Suppose 0 = 3*n - 12 - 0. Let z = 8 - n. Let c = 0 + 1. What is the greatest common divisor of z and c?
1
Let x = -10 - -12. Suppose -1 = -x*f + 7. Calculate the greatest common factor of 2 and f.
2
Let q be (-48)/(-3) - (0 - -1). Let r(i) = -5*i + 1. Let w be r(4). Let y = w - -34. Calculate the greatest common factor of y and q.
15
Suppose -3*p = -10*p + 357. What is the highest common divisor of 17 and p?
17
Let n be (2 - (-16)/(-6))*-3. Suppose 5*c + n*g = 63, -26 = -2*c - g - 0*g. Let i = c + -4. Calculate the highest common divisor of i and 21.
7
Let x be (-228)/(-14)*(-1 + 15). Let k = x + -140. Calculate the greatest common factor of k and 11.
11
Let m(a) = 5*a - 3. Let l be m(1). Let d(b) = b**2 + 6. Let j be d(0). Suppose -v = -j - 6. Calculate the greatest common divisor of l and v.
2
Suppose 2*p = 3*p. Suppose 4*h - 529 = -209. Suppose 2*y + 10 = p, 0*y - h = -x - y. Calculate the highest common factor of 17 and x.
17
Let k be 54/8 - 2/(-8). Let r(v) = -v + 46. Let i be r(11). What is the highest common factor of i and k?
7
Let k(r) = -r**3 - 5*r**2 - 2*r - 2. Let q be k(-5). Let g = 8 - 4. Let w be 1/(0 + 1/g). Calculate the highest common divisor of q and w.
4
Suppose 45 + 16 = 3*y + 5*n, 147 = 5*y - 3*n. Calculate the greatest common factor of 18 and y.
9
Let u be (1 - -7)*2/4. Let c(p) = -3*p - 2. Let v be c(-6). What is the highest common factor of u and v?
4
Suppose 27 - 3 = -4*v. Let p = -5 - v. Suppose -3*l = -5*t - 12, -5*l + 9 = 2*t - 11. What is the greatest common factor of p and l?
1
Let o(a) = a**3 + 3*a**2 - 6*a + 2. Let k be o(2). Calculate the greatest common divisor of k and 70.
10
Let h = 42 - 24. What is the greatest common divisor of h and 198?
18
Let f be (4/(8/18))/1. What is the greatest common divisor of 36 and f?
9
Let c(j) = -1 + 7 + 2*j**2 + 9*j - j**2 - 2*j**2. Let x be c(9). Suppose x*t + 55 = 11*t. Calculate the greatest common divisor of t and 99.
11
Let s(f) = 11*f - 2. Let j be s(1). What is the highest common factor of 9 and j?
9
Let g(d) = d + 11. Let l be g(12). Calculate the highest common divisor of 23 and l.
23
Let u(a) = 9*a**2 + a + 0*a**3 + 4 - a**3 - 4*a**2. Let i be u(4). Suppose -k = -3*f, 3*k - 4*f - i = -k. What is the highest common factor of 18 and k?
9
Suppose 4*k + 89 = 129. Suppose -2*s = -5*s. Suppose -2*l + s*l + 100 = 0. What is the greatest common factor of k and l?
10
Let i be (-12)/(-24) + (-265)/(-2). Calculate the highest common factor of 19 and i.
19
Suppose -4*a = -2 - 10, 0 = 3*x + 5*a - 102. Let n = x + -21. What is the greatest common factor of n and 32?
8
Suppose 2*b + b - 22 = -2*l, -2*l = -b - 22. What is the greatest common factor of 44 and l?
11
Let i be 4*-1*(-3)/6. Suppose -4 - 10 = -5*l - 2*p, i*l = -p + 6. Suppose l*o - 33 = -3*w, 2*w - 15 = -2*o + 17. What is the highest common factor of 135 and o?
15
Suppose 0*p + p - 70 = 0. Suppose 3*u = 4*b - 22, 15 = 3*b - 5*u + 2*u. What is the highest common divisor of p and b?
7
Suppose 42 = 2*v + v. Let z = -20 + 76. What is the highest common divisor of v and z?
14
Let i be 71/4 + (-1)/(-4). Calculate the highest common factor of 27 and i.
9
Let y be 1 - 2*(-74)/4. Suppose -y = s - 3*s. Suppose -a + 380 = a. What is the greatest common divisor of a and s?
19
Let n = -3 - 6. Let v(z) = -z**2 - 10*z + 7. Let o be v(n). What is the highest common